 = -i**2 + 19*i + 245. Let g be f(23). Suppose -g = -56*x + 73*x. Determine h(x).
-1
Let v(i) = -19*i**3 - 21*i**2 - 21*i + 16. Let b(t) = 8*t**3 + 9*t**2 + 10*t - 8. Let k(m) = -7*b(m) - 3*v(m). What is k(3)?
14
Let h(n) = n**3 - 14*n**2 - 28*n - 4. Let t be h(16). Let r be (-8)/t - 156/180. Let l(q) = 27*q**3 + q**2 - q - 1. Give l(r).
-26
Let o = 516 - 514. Let m(t) = 124*t - 2 - 65*t - 62*t + 2*t**o. Calculate m(3).
7
Let t(b) = 2*b + 6. Let d(i) = 4*i + 7. Suppose -22 + 12 = -2*s. Let k(y) = s*d(y) - 6*t(y). Calculate k(1).
7
Let m(b) = -49*b**3 - 39*b**2 + 80*b - 70. Let i(l) = 139*l**3 + 118*l**2 - 242*l + 213. Let r(x) = -6*i(x) - 17*m(x). Give r(-47).
6
Suppose -23*x - 74 = 58 - 17. Let g(j) be the first derivative of -2*j**3/3 - 2*j**2 + 7*j + 1. Give g(x).
-23
Let b(h) = 2*h**3 + 4*h - 3. Let u = 609 + -183. Let s = u + -424. Determine b(s).
21
Let i(b) = -b**2 - 6*b - 4. Let l be i(-5). Let h(g) = 120 - 239 - 2*g + 120 + 2*g**2 + 15403*g**3 - 15412*g**3. Give h(l).
-8
Let q(p) be the first derivative of -1/6*p**3 - 46 - 5/2*p**2 + 10*p. Let s(w) be the first derivative of q(w). Give s(-7).
2
Let b(p) = -p + 5. Let h(n) be the third derivative of -n**5/60 + n**4/3 - n**3/2 + 39*n**2 + 1. Let z be h(6). What is b(z)?
-4
Let p(z) = -3*z - 52. Let t be (-2)/4*(-128)/(88/(-22)). Give p(t).
-4
Let y(q) = 6*q - 17. Let b(s) = -5*s + 17. Let o(v) = -4*b(v) - 3*y(v). Let u be -10 + 18 - (-2)/18*495/(-275)*10. Give o(u).
-5
Suppose -4*r - i + 277 + 807 = 0, -r - 3*i + 282 = 0. Let a = r - 265. Let y(s) be the second derivative of -s**5/20 + 5*s**4/12 - 3*s**2/2 - s. Give y(a).
-3
Suppose -11 = -9*g - 2*g. Let u be g*0/((-2)/(-1)). Let c(r) = -8 + 5 + u*r + r. What is c(6)?
3
Let m(a) be the second derivative of a**4/12 - a**2/2 + 12*a + 24. What is m(1)?
0
Suppose 0 = -2*z - z + 12. Suppose 0 = -z*x + 3*s, 0 = -x - 4*x + 5*s - 5. Let a(h) = -h**2 + 3*h - 15. Let o(v) = 3. Let p(l) = -a(l) - 4*o(l). Calculate p(x).
3
Let t(v) be the third derivative of 23*v**4/8 + 143*v**3/6 - 515*v**2 + 4*v. What is t(-2)?
5
Let i be (-2)/(-34*1) - (-10738)/1547. Let p(n) be the third derivative of n**4/6 - 11*n**3/3 + 6*n**2. Calculate p(i).
6
Let r = 506 - 116. Let f(v) = -r*v**2 + 792*v**2 + 1 - 386*v**2. What is f(-1)?
17
Let o = 158 - 157. Let q be 2/4*(-4 - o)*2. Let p(z) be the second derivative of z**3/2 + 3*z**2 + z. Give p(q).
-9
Let d(w) = w**2 - w - 3. Let j be d(3). Let x(f) = -3 + 3*f**2 - 106*f**j + 58*f**3 + 49*f**3 + 3*f. Give x(-3).
-12
Let b = 183 + -180. Let x(w) = -1 + 3 + 22*w**2 - 5 - 21*w**2 + b*w + 2*w. What is x(-3)?
-9
Let y(a) = -a**2 - 5*a + 4. Let z be 58*(-3 - (-6)/(-6)). Let p = 226 + z. What is y(p)?
-2
Let d(g) = -g**2 + 18*g - 26. Suppose 0 = -11*a - 5*b + 111, -1 + 33 = 2*a - 5*b. Calculate d(a).
51
Let x = 12311 + -12303. Let p(n) = n**3 - 10*n**2 + 18*n + 2. Determine p(x).
18
Suppose 160*w - 167 = -1607. Let u(b) be the first derivative of b**4/4 + 8*b**3/3 - 9*b**2/2 + 10*b - 2. Determine u(w).
10
Let k(p) = -5*p**2 - p. Let x = 431 + -427. Suppose 0 = 2*a + 2*w - x, -2*a - 16 = -0*a - 2*w. Determine k(a).
-42
Let k(f) be the first derivative of -f**5/120 - 7*f**4/24 + 4*f**3/3 - 5*f - 26. Let o(m) be the third derivative of k(m). What is o(-5)?
-2
Let g(y) = 22*y + 222. Let v be g(-10). Suppose -4*x + 15*o - 32 = 14*o, -v*x = -2*o + 10. Let a(k) = -k**2 - 7*k + 8. Calculate a(x).
-10
Let h(r) = 2*r**2 + r - 1. Let q(d) = d + 24. Let l be q(-13). Suppose -9*g - l = -2. Let f be -1*(0/(-4) + g). What is h(f)?
2
Let b(f) = -3*f - 27. Let k be b(-9). Let p(g) = g**3 + 2*g**2 - 2*g + 13. Let h be p(k). Let d = h + -11. Let m(a) = a**3 - 2*a**2 - 3*a + 1. Calculate m(d).
-5
Let y(k) = -k**3 - k**2 + k - 1. Let r(b) = -3*b**3 - 2*b + 3. Let j(u) = -r(u) - 2*y(u). Let w = 155527 + -155526. What is j(w)?
6
Let h = 36 - 34. Let w(g) = -g**2 - 6*g + 2. Let q(d) = d**2 + 6*d - 1. Let j(u) = h*q(u) + 3*w(u). Let c be ((28/8)/(-7))/(2/20). Give j(c).
9
Let y(n) = n + 1. Suppose -456*b + 117 = -443*b. Let h be 12 - (33/b + (-32)/(-24)). Give y(h).
8
Let v(k) = -30*k**2 + 38*k + 70. Let i(s) = 11*s**2 - 13*s - 22. Let b(h) = 8*i(h) + 3*v(h). What is b(-3)?
-14
Let s be ((-14)/4)/(1/18). Let c = -58 - s. Let v(x) = -9*x - 13 + 12 - 5*x + c*x. What is v(1)?
-10
Let q(i) = -i**3 - 6*i**2 - 3*i - 15. Suppose -l - 18*y = 114, -y + 24 = 261*l - 266*l. Give q(l).
3
Let r be ((-6)/4)/((-57)/(-12) - 4). Suppose 11*q = 3*q. Let d(k) = -2 - 2*k - 5*k**2 + 2*k**2 + 1 + q*k**3 + 2*k**3. Give d(r).
-25
Let k = 116408 + -116412. Let v(j) be the third derivative of j**7/5040 + j**6/90 - j**5/60 - 2*j**2. Let q(c) be the third derivative of v(c). Give q(k).
4
Let c(y) = 2*y**2 + 6*y - 4. Let f = -4829 - -4826. Determine c(f).
-4
Let y(m) = m**2 - 17*m + 8. Let s(i) = 17*i + 817. Let d be s(-47). Give y(d).
26
Suppose -t + 4*t + 27 = q, 5*t + 52 = 4*q. Let f be 0 - (-10 - t) - (-1 + -2). Let r(i) = -i**2 + 3*i + 7. Give r(f).
-3
Let o(z) be the first derivative of z**4/4 + 2*z**3 - 15*z**2/2 - 5*z + 6199. Calculate o(-6).
85
Let v be ((-8020)/(-5213))/((-2)/(-13)). Let r(y) = 13*y + 7. Determine r(v).
137
Let i be (44 - 36)/(1/3). Let g(x) = -4*x**2 - 46*x - 2 + i*x + 27*x - x**3. Suppose -5*d - 17 = 8. Determine g(d).
-2
Let g(b) = -b**3 - 23*b**2 + 8*b + 671. Let x be g(-22). Let j(c) = -3*c**2 + 36*c + 23. Calculate j(x).
56
Let z(t) = 0*t - 4*t + 6*t - 44 + 2*t. Let q(m) = -5*m - 18. Let u(y) = -2*y - 9. Let d(l) = 3*q(l) - 7*u(l). Let j(v) = 11*d(v) + 2*z(v). Determine j(9).
-16
Let k = -1108 - -1108. Let j(i) be the third derivative of i**5/120 + i**4/2 + i**3/6 + i**2. Let u(b) be the first derivative of j(b). Determine u(k).
12
Let w(b) = -7*b**2 + 9*b - 3. Let v = 5054 + -5051. Calculate w(v).
-39
Let w(a) be the third derivative of -a**5/30 + a**4/12 - 13*a**3/6 - 2*a**2 + 61*a. Let o(k) be the first derivative of w(k). What is o(-1)?
6
Let w(s) = -13*s**2 + 6*s + 1. Let d(i) = -2*i**2 + i. Let m(x) = 6*d(x) - w(x). Give m(1).
0
Let u(z) = 3*z + 6*z + 0*z - 6*z + 7. Let h = 18 - 13. Let y be -5 - (3 - (-2 + h)). Calculate u(y).
-8
Suppose 4*g = 30 - 6. Suppose 3*c - 4*c + a + g = 0, -2*a = 4*c - 6. Let m(z) = -1 + z**c + 12*z**2 + 18*z**2 + 2 - 35*z**2 + z. Calculate m(4).
-11
Let z(w) = 3*w**3 + 47*w**2 - 3*w + 10. Let h be z(-15). Let d = h + -499. Let i(b) = b**2 - 6*b + 10. Determine i(d).
10
Let v(l) = -5*l - 108. Let s = 21019 + -21042. Give v(s).
7
Let l = 160 - 91. Let i = l - 61. Suppose -84*j + 82*j = i. Let w(c) = -c**2 - 2*c - 2. Determine w(j).
-10
Let c = 105 - 102. Let d(k) = 317*k**3 + 10 - 160*k**c - 158*k**3 - 5*k**2 - 5. Suppose -2 - 18 = 4*h. What is d(h)?
5
Let b(w) = w**3 + 7*w**2 - 4*w + 5. Let p be ((-35)/(-3) + -3)*(-45)/(-30). Let h = p - 21. Give b(h).
-27
Let f = -119 + 121. Let o(l) = 13 - f*l**2 + 0*l + 6*l - 15. Calculate o(5).
-22
Let u(r) be the second derivative of 5/6*r**3 - 1/4*r**4 + 1/120*r**6 - 13*r + 5*r**2 - 1/15*r**5 + 0. Let d(b) be the first derivative of u(b). What is d(4)?
-19
Let t(l) = 7*l + 13. Let o(r) = 15*r + 27. Let h(d) = 2*o(d) - 5*t(d). Let i(p) = -11*p - 22. Let x(g) = -9*h(g) + 4*i(g). What is x(-13)?
-2
Let n be (-2)/5 - (-6)/(-10). Let k be -1*(-4 - -9 - 9). Let q(s) = -s + s + 0 - k*s**3 + 1 + 2*s. Determine q(n).
3
Let u(k) = k**3 - 6*k**2 + 16*k - 14. Let x(a) = -148*a - 4585. Let q be x(-31). What is u(q)?
7
Let h(a) = -a**3 + 10*a**2 - 7*a - 11. Let m(g) be the second derivative of -4*g**3/3 - 87*g**2/2 + 73*g. Let o be m(-12). Give h(o).
7
Let t be (5 + -140)*19/95. Let q(f) = 4*f + 80. Calculate q(t).
-28
Suppose 0 = 2*q - 178 + 172. Let h(f) = f**q - 3*f**3 + 5*f**3 + 4*f**2 - 6*f**3 + 2*f**3 + 2*f - 11. Determine h(4).
-3
Suppose 5*q - 2 - 6 = -2*y, q + 2*y = 0. Let n be -1 + 2 + (-22)/(-11). Let b(p) = -p**3 + 14*p**2 + 18*p**2 - 31*p**2 + n - 3*p. Calculate b(q).
-7
Suppose -4*u + f = -20, -15*u + 17*u + 2*f - 10 = 0. Let i(h) = h - 1. Let j(t) = -6*t - 5. Let d(x) = u*i(x) + j(x). What is d(-5)?
-5
Let w(q) = 2*q**2 - 11*q + 22. Suppose -43*b + 80*b - 111 = 0. Determine w(b).
7
Let i(z) be the first derivative of z**2 + z - 2. Let d be ((-104)/(-3380)*-13)/((-1)/5). Give i(d).
5
Let w(t) = -2*t - 14. Let q be w(-6). Let c(g) = 2*g**2 + 1 - 2*g + 0*g - 3*g**2. Let o 